-111
60
What is -31 + 26 + 70 + 1 + 2 - (-22 - -27)?
63
Evaluate (-44 - -46) + 2 + -3 + 4 + -2 + -2.
1
What is the value of (-64 - (28 + (1 - 22))) + 9 + 0 + 0?
-62
What is the value of -1232 - -1235 - (1 + (0 - -1)) - 6?
-5
What is the value of -86 + (66 - 66 - -10)?
-76
-49 + 8 + (1 - 2) + -41 + -117 + 165
-35
Calculate 19 + 1 + -24 + 6 - ((12 - -1) + 1).
-12
12 + (13 + -2 - (-49 + 64)) + -91
-83
Evaluate -1 - (-2 + 12 + 3) - (-3507 + 3462).
31
Calculate 1 - (3 - -6) - (-109 - (177 + -170)).
108
Calculate (-12 - -85) + (32 - 72).
33
-32 + -31 + 74 - (4 - 6)
13
What is 24 + 116 + -74 + (-5 + 2 - -4) + -1?
66
2 + -1 + -7 - (-1 - (-5 - 25)) - 0
-35
Calculate 2 + -4 - (11 - (-17 - -33)) - 13.
-10
Calculate -233 + (59 + 67 - 25).
-132
What is 9 - ((-78 - -99) + (-2 - 17))?
7
Calculate 1 - -7 - (-51 + (-5 - (-3 - 21))).
40
Evaluate -9 + -3 + -3 - 0 - (72 + 11).
-98
(1 - -39) + -58 - (8 - 0)
-26
What is -4 - (6 + -29 + 53) - 72?
-106
What is the value of (43 - -1) + (-31 - (-15 - (4 - 16)) - -17)?
33
Calculate 40 + (-42 + 30 - 19) - (-2 + 20).
-9
What is 4 - 6 - (-21 + (-13 - -29)) - (0 + -68)?
71
What is the value of -16 + -3 + 2 + -2 + 6 - (65 + -147)?
69
What is -42 - (118 - 187) - (-2 - 109)?
138
-21 - (6 - (6 + (-14 + -9 + 20 - -3)))
-21
Calculate 28 + 5 + -32 + (9 - (-3 + 0)).
13
What is the value of -43 + (12 + 2 - 10 - (-3 - -9))?
-45
Evaluate -5 + -10 - (48 + -13 + 9 + 0).
-59
What is -93 + 1 + 6680 + -6617?
-29
(128 - 49) + -43 + 20
56
What is 56 + (57 + -29 - 55 - -16)?
45
4 + (81 - (-1 - -3) - (97 + (24 - 123)))
85
Calculate 5 - (189 - 131) - (-42 + 2).
-13
Evaluate (-85 - -79 - (-2 - 6)) + -4 + 12.
10
Calculate (542 - 515) + (-4 + 4 + -2 - 4) + 3.
24
What is the value of (-20 - (-14 - 16)) + -112 - -27?
-75
What is -223 + 470 - 201 - (-51 - 0)?
97
What is -1 + 1 + (8 + 5 - (-7 + 13))?
7
What is (-15 - (-11 + 0 - (1191 + -1174))) + (-122 - 1)?
-110
-94 + (-57 - -90) - -40
-21
What is 25 + -1 + (28 - 15) + -22 - (-108 - 2)?
125
What is 14 - (21 + -39 + 4)?
28
What is 14 - (3 + -2 + 14 + 1979 + -1985)?
5
-25 - 4 - (-258 - -226)
3
Calculate -2 + 1 + 60 + (31 - 41).
49
Calculate -32 + (0 + -19 - 5) + 119.
63
What is the value of 5 + -87 + 170 + 0?
88
(98 - 60 - 90) + 47
-5
83 + -208 + 15 + 232
122
What is (4 + -6 + -7 + (76 - 70) - -119) + -15?
101
Calculate (61 - -59) + -93 + -5.
22
Evaluate 5 + 14 - (3 + 0) - 7.
9
25 + (33 - 5) + -39 - (0 + 25)
-11
Evaluate 192 + (-60 + -57 - -56) + (1 - 3) + -3.
126
Evaluate (25 + -13 - 28) + (-8 - -4) + 6 + 95.
81
Calculate 23 - (16 + -30 - (-15 - (17 + -7))).
12
(44 - 32 - 98) + 100
14
Evaluate -32 + -87 + 107 + -65.
-77
What is the value of (113 - (69 + 1)) + (-36 - 6)?
1
Evaluate 1381 + -1355 - (-9 + -99).
134
Evaluate 6 + (4 + 6 - (17 + -9 + -1)) + 17.
26
(3 - 1) + -7 + (77 - 78)
-6
Evaluate 5 + -29 - (-101 + (19 - 26 - 17)).
101
-57 + 64 + -89 - (33 + -1)
-114
What is -3 + 10 + -14 + -23?
-30
What is the value of (-97 - (-40 - -1)) + 78?
20
What is the value of (0 - (-9 + 0)) + -25 - -27?
11
Calculate -22 - (25 - (-22 - -35 - -13)).
-21
Calculate (-81 - 15) + 101 + 26.
31
What is the value of -4 + 4 + (-51 - (5 + -10) - (-7 + -1))?
-38
(7 - (2 + 25) - 10) + -20
-50
What is the value of 108 + 86 + 16 + -98?
112
What is the value of (65 - 17 - -4 - 19) + -14 + -112?
-93
Evaluate 1090 + -1043 + (5 - 77).
-25
What is the value of (-10 - 94) + (-191 - -179)?
-116
What is the value of -136 - 7 - (356 + -435)?
-64
What is 6 - (2 + 26 - (71 + -82))?
-33
Evaluate 4 - (12 - 11) - -3 - (-9 + 0 + 28).
-13
What is -47 - -92 - 5 - 37?
3
What is -182 + 80 + 2 + (25 - -3)?
-72
-34 - (-32 + -2 + 49)
-49
Calculate 2 + 7 + -4 + 7 + (-35 - -17) + -22.
-28
Calculate -8 - -22 - 11 - (2 - (-14 + 0)).
-13
Calculate (7 + -13 + 10 - -2 - 11) + (-43 - -2).
-46
What is 51 + (0 - 2) + -8 + (4 - -3) + -6?
42
What is the value of -7 + -1 + ((-34 - -11) + -30 + 41 - 22)?
-42
What is 1 + 5 - -4 - (23 + (-67 - (7 - 30)))?
31
Calculate 19 + -17 + 47 + -93.
-44
What is -16 + 12 - -10 - (2 - 2 - -1)?
5
What is (137 - 173) + -10 + 79 - 3?
30
42 + 1 + -17 + -27 + 72
71
Evaluate 1 + 26 + 19 - 20 - (6 + 1).
19
What is -47 - (72 - (-6 - -118))?
-7
(10 - 1 - (60 - 41 - (36 + -24))) + -6
-4
What is the value of (-12 - (-28 - -8)) + 22?
30
0 + (-63 - (1 - 7)) + 35 + -30
-52
Evaluate (-36 + 76 - -10) + 10 + 21 + -8.
73
What is the value of -48 - (-93 - -43) - -52?
54
What is 13 + -39 + (10 - 10 - 19)?
-45
Evaluate -45 + 19 + 10 + (57 - 92).
-51
Evaluate (29 + -2 + -110 - -29) + 12 + 0.
-42
Calculate 13 + (-14 - 1 - -2) + 383 + -370.
13
Calculate (2 - 1) + (317 - 316) - (-12 - 0).
14
What is -9 + (16 + -13 + 69 - (14 - 1))?
50
Calculate (70 - 23 - (71 + 26)) + (3 - -19).
-28
Calculate (-60 - (-70 - 2)) + -3 + -14.
-5
What is the value of 35 + -34 - ((-15 + 7 - 37) + -13)?
59
Calculate (-3 - ((-11 - -22) + -7)) + 20.
13
What is (-17 - (0 + -23 + 17)) + 70?
59
-61 - (-149 - (-51 - 30))
7
What is the value of (3 - 2) + -5 + -300 + 258?
-46
What is the value of (-55 - -82) + 13 + (1 - -8) + -4?
45
What is -20 - ((65 - 35) + -25)?
-25
Calculate (-4 - (-8 + (4 - (14 - 9)))) + (22 - -23).
50
What is the value of 11 + 10 + (-11 - (-11 + 0) - -54)?
75
What is the value of -1 + -59 - -2 - (-9317 - -9310)?
-51
(-18 - (18 + -57)) + -11
10
What is (2 + -2 - 0) + -22 + 118 + -103?
-7
What is the value of (4 - 7 - (-8 + 11)) + 5 + 2 - 6?
-5
Calculate -157 + 4 + -5 - (7 + 48 + -63).
-150
What is the value of (19 - 5) + (-61 - -58) + -2 + 2 + 105?
116
Evaluate 43 - (6 + (-8 - (-10 - -6) - 3) + 1).
43
What is the value of (-16 - (21 + 42) - 42) + 30?
-91
What is the value of (21 - 19) + (3 - 10 - -1) - 22?
-26
Evaluate 17 + 154 + -163 + (3 - 6 - 2).
3
What is the value of 35 - (11 - (-1 - -4) - (27 + -15 + 6))?
45
What is the value of -24 + (73 + -24 - -14) + 28?
67
Calculate 95 + (-26 - (21 - (5 - -63))).
116
Calculate -2 - 70 - (1 - (-29 + 10 + (13 - -8))).
-71
(34 - (-41 + 68)) + -1 + -21
-15
-47 + (92 - 98) + -40
-93
What is the value of (0 - -11) + (-53 - -56 - -13 - -88)?
115
What is the value of (-9 - (-3 - -90 - 20)) + 26 + -8?
-58
What is (78 - (62 - -76)) + (-1 - (0 - 3))?
-58
Evaluate 171 + -174 - (0 + -2 - 18).
17
What is the value of (3 - 4) + -24 + (2147 - 2150)?
-28
What is the value of (-102 - -93) + (-4 - 121) + -7 - (-1 - 7)?
-133
What is -61 - ((-224 + 215 - (0 - 5)) + 9)?
-66
What is -6 - (7 + -15 + 4 + 3 + -8)?
3
Calculate -44 + 8 + (15 + 26 - 20) + 124.
109
What is -1680 + 1689 - (-12 + 1)?
20
Calculate -6 + -2 + (-12 + (-6 - -12) - -10) + -34.
-38
What is (218 + -37 + -4 - 8) + -25?
144
Evaluate -237 + 273 + -12 + -59.
-35
-3 + -14 + 13 + 8
4
What is -10 - (-35 + -85) - (9 - -6) - 4?
91
Evaluate (16 + -7 - -83) + (12 - -2) + -5.
101
Calculate 11 - ((-28 - -19) + (-4 - -3) + -6).
27
Calculate (123 - (-4 + -2)) + (3 - 15) + 197 + -184.
130
Calculate 26 - (-25 - ((12 - 21) + -24)).
18
What is -5 + 6 + (-9 - -17) - (2 - 3)?
10
24 + 1 - (-3236 + 3138)
123
23 + -13 + -17 + 1 - 16
-22
Evaluate 18 - (2 - 2) - (-105 + 101 - (3 + 1)).
26
Evaluate -8 - (-16 + -1 + 5) - -22.
26
Calculate 36 - ((22 - -17) + -32).
29
Evaluate (-1 - -1) + -17 + 14 - (-4 - -9).
-8
Calculate (1 - -1 - -8) + (10 - (4 + 10)) - 58.
-52
Calculate -4567 + 4490 - (1 + -129).
51
What is 10 + -5 + (28 + -89 - (4 + -18))?
-42
68 - (-33 - 2) - 66
37
-14 - (-12 + -3 + -8 + 14 - -10)
-15
What is the value of -13 + 1 + 3 + 1 + 101 + 35 + -81?
47
Evaluate 14 + -8 - -8 - (-36 + -19) - 13.
56
What is the value of 12 + (-14 - -1) + 3 + -97 + (48 - 32)?
-79
Evaluate (-30 + 19 - 0 - 5 - -7) + -38.
-47
-39 - (-1 - -18) - -56
0
10 + 4 + -31 + 13 - (-2 - 14)
12
13 - (-12 + (-3 - -11))
17
Calculate (3 - 3) + -5 + 0 + (16151 - 16198).
-52
What is the value of -4 + -3 + (-7 - (-6 + 0 + (42 - 5)))?
-45
What is the value of (1 - -4) + 63 + -67 + (1 - 18) + 11?
-5
-18 - (-5 - (-1 - -10 - 7)) - 11
-22
What is the value of 32 - ((-20 - 21 - -13) + 34)?
26
What is (43 - 17) + -12 + -1 - 40?
-27
What is the value of 10 + -26 + -2 - -17 - 13?
-14
Evaluate -134 + 2 + (-85 - (156 - 243)).
-130
(29 - 47 - (3 - 2)) + 16
-3
66 - 5 - (-21 - (2 + -39 + 17))
62
Evaluate 60 + (4 - (53 - -4 - 24)).
31
100 + -95 - (-16 + 16 - (93 - (0 + 1)))
97
What is the value of 1 + 11 + -10 + -6 + 11 - 14 - -58?
51
Calculat